{"id":17527,"date":"2026-02-25T16:30:00","date_gmt":"2026-02-25T16:30:00","guid":{"rendered":"https:\/\/allotjamentsruralsmollo.com\/politica-de-privacidad-redes-sociales\/"},"modified":"2026-03-03T13:12:34","modified_gmt":"2026-03-03T13:12:34","slug":"politica-de-privacidad-redes-sociales","status":"publish","type":"page","link":"https:\/\/allotjamentsruralsmollo.com\/ca\/politica-de-privacidad-redes-sociales\/","title":{"rendered":"POL\u00cdTICA DE PRIVACITAT XARXES SOCIALS"},"content":{"rendered":"<h1><strong>POL\u00cdTICA DE PRIVACITAT XARXES SOCIALS<\/strong><\/h1>\n<p><strong>POL\u00cdTICA DE PRIVACITAT XARXES SOCIALS https:\/\/allotjamentsruralsmollo.com\/<\/strong><\/p>\n<p>D\u2019acord amb el que estableix la normativa vigent i aplicable en mat\u00e8ria de protecci\u00f3 de dades de car\u00e0cter personal i la Llei 34\/2002, d\u201911 de juliol, de Serveis de la Societat de la Informaci\u00f3 i de Comer\u00e7 Electr\u00f2nic (LSSI-CE), SOLSAU SL informa els usuaris que ha procedit a crear un perfil a la\/les Xarxa\/es Social\/s Facebook, amb la finalitat principal de publicitar els seus productes i serveis.<\/p>\n<p><strong>Dades de SOLSAU SL:<\/strong><\/p>\n<p>NIF: B17913401<br \/>\nADRE\u00c7A: CARRETERA A FRAN\u00c7A 12, 17868 MOLL\u00d3 (GIRONA)<br \/>\nCORREU ELECTR\u00d2NIC: info@allotjamentsruralsmollo.com<\/p>\n<p>L\u2019usuari disposa d\u2019un perfil a la mateixa Xarxa Social i ha decidit unir-se a la p\u00e0gina creada per SOLSAU SL, mostrant aix\u00ed inter\u00e8s en la informaci\u00f3 que s\u2019hi publiqui. En unir-se a la nostra p\u00e0gina, ens facilita el seu consentiment per al tractament d\u2019aquelles dades personals publicades al seu perfil.<\/p>\n<p>L\u2019usuari pot accedir en tot moment a les pol\u00edtiques de privacitat de la pr\u00f2pia Xarxa Social, aix\u00ed com configurar el seu perfil per garantir la seva privacitat.<\/p>\n<p>SOLSAU SL t\u00e9 acc\u00e9s i tracta aquella informaci\u00f3 p\u00fablica de l\u2019usuari, en especial, el seu nom de contacte. Aquestes dades nom\u00e9s s\u2019utilitzen dins de la pr\u00f2pia Xarxa Social. No s\u2019incorporen a cap sistema de tractament.<\/p>\n<p><strong>Drets de les persones interessades<\/strong><\/p>\n<p>En relaci\u00f3 amb els drets d\u2019acc\u00e9s, rectificaci\u00f3, limitaci\u00f3 del tractament, supressi\u00f3, portabilitat i oposici\u00f3 al tractament de les seves dades de car\u00e0cter personal, dels quals vost\u00e8 disposa i que poden ser exercits davant SOLSAU SL, d\u2019acord amb el RGPD, ha de tenir en compte els seg\u00fcents matisos:<\/p>\n<ul>\n<li><strong>Dret d\u2019Acc\u00e9s<\/strong>: \u00c9s el dret de l\u2019usuari a obtenir informaci\u00f3 sobre les seves dades concretes de car\u00e0cter personal i sobre el tractament que s\u2019hagi realitzat o es realitzi, aix\u00ed com sobre la informaci\u00f3 disponible relativa a l\u2019origen d\u2019aquestes dades i les comunicacions realitzades o previstes.<\/li>\n<li><strong>Dret de Rectificaci\u00f3<\/strong>: \u00c9s el dret de la persona afectada a modificar les dades que resultin ser inexactes o incompletes. Nom\u00e9s es podr\u00e0 satisfer en relaci\u00f3 amb aquella informaci\u00f3 que es trobi sota el control de SOLSAU SL, per exemple, eliminar comentaris publicats a la pr\u00f2pia p\u00e0gina, imatges o continguts web on constin dades de car\u00e0cter personal de l\u2019usuari.<\/li>\n<li><strong>Dret a la Limitaci\u00f3 del Tractament<\/strong>: \u00c9s el dret a limitar les finalitats del tractament previstes inicialment pel responsable del tractament.<\/li>\n<li><strong>Dret de Supressi\u00f3<\/strong>: \u00c9s el dret a suprimir les dades de car\u00e0cter personal de l\u2019usuari, excepte el que preveu el propi RGPD o altres normatives aplicables que determinin l\u2019obligatorietat de la seva conservaci\u00f3, en temps i forma.<\/li>\n<li><strong>Dret de Portabilitat<\/strong>: \u00c9s el dret a rebre les dades personals que l\u2019usuari hagi facilitat en un format estructurat, d\u2019\u00fas com\u00fa i lectura mec\u00e0nica, i a transmetre-les a un altre responsable.<\/li>\n<li><strong>Dret d\u2019Oposici\u00f3<\/strong>: \u00c9s el dret de l\u2019usuari a que no es dugui a terme el tractament de les seves dades de car\u00e0cter personal o que se\u2019n cessi el tractament per part de SOLSAU SL.<\/li>\n<\/ul>\n<p><strong>Actuacions de SOLSAU SL<\/strong><\/p>\n<p>SOLSAU SL realitzar\u00e0 les actuacions seg\u00fcents:<\/p>\n<ul>\n<li>Acc\u00e9s a la informaci\u00f3 p\u00fablica del perfil.<br \/>\n\u2022 Publicaci\u00f3 al perfil de l\u2019usuari de tota aquella informaci\u00f3 ja publicada a la p\u00e0gina de SOLSAU SL.<br \/>\n\u2022 Enviament de missatges personals i individuals a trav\u00e9s dels canals de la Xarxa Social.<br \/>\n\u2022 Actualitzacions de l\u2019estat de la p\u00e0gina que es publicaran al perfil de l\u2019usuari.<\/li>\n<\/ul>\n<p>L\u2019usuari sempre pot controlar les seves connexions, eliminar els continguts que deixin d\u2019interessar-li i restringir amb qui comparteix les seves connexions; per fer-ho, haur\u00e0 d\u2019accedir a la seva configuraci\u00f3 de privacitat.<\/p>\n<p><strong>Publicacions<\/strong><\/p>\n<p>L\u2019usuari, un cop unit a la p\u00e0gina de SOLSAU SL, podr\u00e0 publicar-hi comentaris, enlla\u00e7os, imatges o fotografies o qualsevol altre tipus de contingut multim\u00e8dia adm\u00e8s per la Xarxa Social. L\u2019usuari, en tots els casos, ha de ser el titular d\u2019aquests continguts, gaudir dels drets d\u2019autor i de propietat intel\u00b7lectual o comptar amb el consentiment dels tercers afectats.<\/p>\n<p>Es prohibeix expressament qualsevol publicaci\u00f3 a la p\u00e0gina, ja siguin textos, gr\u00e0fics, fotografies, v\u00eddeos, etc., que atemptin o puguin atemptar contra la moral, l\u2019\u00e8tica, el bon gust o el dec\u00f2rum, i\/o que infringeixin, vulnerin o conculquin els drets de propietat intel\u00b7lectual o industrial, el dret a la imatge o la Llei. En aquests casos, SOLSAU SL es reserva el dret de retirar immediatament el contingut i pot sol\u00b7licitar el bloqueig permanent de l\u2019usuari.<\/p>\n<p>SOLSAU SL no es far\u00e0 responsable dels continguts que hagi publicat lliurement un usuari.<\/p>\n<p>L\u2019usuari ha de tenir present que les seves publicacions seran conegudes per altres usuaris, per la qual cosa ell mateix \u00e9s el principal responsable de la seva privacitat.<\/p>\n<p>Les imatges que es puguin publicar a la p\u00e0gina no seran emmagatzemades en cap sistema de tractament per part de SOLSAU SL, per\u00f2 romandran a la Xarxa Social.<\/p>\n<p><strong>Concursos i promocions<\/strong><\/p>\n<p>SOLSAU SL es reserva el dret de realitzar concursos i promocions en qu\u00e8 podr\u00e0 participar l\u2019usuari unit a la seva p\u00e0gina. Les bases de cadascun d\u2019ells, quan s\u2019utilitzi per a aix\u00f2 la plataforma de la Xarxa Social, seran publicades a la mateixa, complint sempre amb la LSSI-CE i amb qualsevol altra norma que sigui aplicable.<\/p>\n<p>La Xarxa Social no patrocina, avala ni administra, de cap manera, cap de les nostres promocions, ni est\u00e0 associada a cap d\u2019elles.<\/p>\n<p><strong>Publicitat<\/strong><\/p>\n<p>SOLSAU SL utilitzar\u00e0 la Xarxa Social per publicitar els seus productes i serveis. En tot cas, si decideix tractar les seves dades de contacte per realitzar accions directes de prospecci\u00f3 comercial, ho far\u00e0 sempre complint amb les exig\u00e8ncies legals de la normativa en mat\u00e8ria de protecci\u00f3 de dades i de la LSSI-CE.<\/p>\n<p>No es considerar\u00e0 publicitat el fet de recomanar a altres usuaris la p\u00e0gina de SOLSAU SL perqu\u00e8 tamb\u00e9 puguin gaudir de les promocions o estar informats de la seva activitat.<\/p>\n<p>A continuaci\u00f3, detallem l\u2019enlla\u00e7 a la pol\u00edtica de privacitat de la Xarxa Social:<\/p>\n<p>Facebook: <a href=\"https:\/\/es-es.facebook.com\/privacy\/explanation\">https:\/\/es-es.facebook.com\/privacy\/explanation<\/a><\/p>\n<p>&nbsp;<\/p>\n","protected":false},"excerpt":{"rendered":"<p>POL\u00cdTICA DE PRIVACITAT XARXES SOCIALS POL\u00cdTICA DE PRIVACITAT XARXES SOCIALS https:\/\/allotjamentsruralsmollo.com\/ D\u2019acord amb el que estableix la normativa vigent i aplicable en mat\u00e8ria de protecci\u00f3 de dades de car\u00e0cter personal i la Llei 34\/2002, d\u201911 de juliol, de Serveis de la Societat de la Informaci\u00f3 i de Comer\u00e7 Electr\u00f2nic (LSSI-CE), SOLSAU SL informa els usuaris que  [&#8230;]<\/p>\n","protected":false},"author":4,"featured_media":0,"parent":0,"menu_order":0,"comment_status":"closed","ping_status":"closed","template":"","meta":{"footnotes":""},"class_list":["post-17527","page","type-page","status-publish","hentry"],"_links":{"self":[{"href":"https:\/\/allotjamentsruralsmollo.com\/ca\/wp-json\/wp\/v2\/pages\/17527","targetHints":{"allow":["GET"]}}],"collection":[{"href":"https:\/\/allotjamentsruralsmollo.com\/ca\/wp-json\/wp\/v2\/pages"}],"about":[{"href":"https:\/\/allotjamentsruralsmollo.com\/ca\/wp-json\/wp\/v2\/types\/page"}],"author":[{"embeddable":true,"href":"https:\/\/allotjamentsruralsmollo.com\/ca\/wp-json\/wp\/v2\/users\/4"}],"replies":[{"embeddable":true,"href":"https:\/\/allotjamentsruralsmollo.com\/ca\/wp-json\/wp\/v2\/comments?post=17527"}],"version-history":[{"count":1,"href":"https:\/\/allotjamentsruralsmollo.com\/ca\/wp-json\/wp\/v2\/pages\/17527\/revisions"}],"predecessor-version":[{"id":17528,"href":"https:\/\/allotjamentsruralsmollo.com\/ca\/wp-json\/wp\/v2\/pages\/17527\/revisions\/17528"}],"wp:attachment":[{"href":"https:\/\/allotjamentsruralsmollo.com\/ca\/wp-json\/wp\/v2\/media?parent=17527"}],"curies":[{"name":"wp","href":"https:\/\/api.w.org\/{rel}","templated":true}]}}

POLÍTICA DE PRIVACITAT XARXES SOCIALS

<h1><strong>POLÍTICA DE PRIVACITAT XARXES SOCIALS</strong></h1>
<p><strong>POLÍTICA DE PRIVACITAT XARXES SOCIALS https://allotjamentsruralsmollo.com/</strong></p>
<p>D’acord amb el que estableix la normativa vigent i aplicable en matèria de protecció de dades de caràcter personal i la Llei 34/2002, d’11 de juliol, de Serveis de la Societat de la Informació i de Comerç Electrònic (LSSI-CE), SOLSAU SL informa els usuaris que ha procedit a crear un perfil a la/les Xarxa/es Social/s Facebook, amb la finalitat principal de publicitar els seus productes i serveis.</p>
<p><strong>Dades de SOLSAU SL:</strong></p>
<p>NIF: B17913401<br />
ADREÇA: CARRETERA A FRANÇA 12, 17868 MOLLÓ (GIRONA)<br />
CORREU ELECTRÒNIC: info@allotjamentsruralsmollo.com</p>
<p>L’usuari disposa d’un perfil a la mateixa Xarxa Social i ha decidit unir-se a la pàgina creada per SOLSAU SL, mostrant així interès en la informació que s’hi publiqui. En unir-se a la nostra pàgina, ens facilita el seu consentiment per al tractament d’aquelles dades personals publicades al seu perfil.</p>
<p>L’usuari pot accedir en tot moment a les polítiques de privacitat de la pròpia Xarxa Social, així com configurar el seu perfil per garantir la seva privacitat.</p>
<p>SOLSAU SL té accés i tracta aquella informació pública de l’usuari, en especial, el seu nom de contacte. Aquestes dades només s’utilitzen dins de la pròpia Xarxa Social. No s’incorporen a cap sistema de tractament.</p>
<p><strong>Drets de les persones interessades</strong></p>
<p>En relació amb els drets d’accés, rectificació, limitació del tractament, supressió, portabilitat i oposició al tractament de les seves dades de caràcter personal, dels quals vostè disposa i que poden ser exercits davant SOLSAU SL, d’acord amb el RGPD, ha de tenir en compte els següents matisos:</p>
<ul>
<li><strong>Dret d’Accés</strong>: És el dret de l’usuari a obtenir informació sobre les seves dades concretes de caràcter personal i sobre el tractament que s’hagi realitzat o es realitzi, així com sobre la informació disponible relativa a l’origen d’aquestes dades i les comunicacions realitzades o previstes.</li>
<li><strong>Dret de Rectificació</strong>: És el dret de la persona afectada a modificar les dades que resultin ser inexactes o incompletes. Només es podrà satisfer en relació amb aquella informació que es trobi sota el control de SOLSAU SL, per exemple, eliminar comentaris publicats a la pròpia pàgina, imatges o continguts web on constin dades de caràcter personal de l’usuari.</li>
<li><strong>Dret a la Limitació del Tractament</strong>: És el dret a limitar les finalitats del tractament previstes inicialment pel responsable del tractament.</li>
<li><strong>Dret de Supressió</strong>: És el dret a suprimir les dades de caràcter personal de l’usuari, excepte el que preveu el propi RGPD o altres normatives aplicables que determinin l’obligatorietat de la seva conservació, en temps i forma.</li>
<li><strong>Dret de Portabilitat</strong>: És el dret a rebre les dades personals que l’usuari hagi facilitat en un format estructurat, d’ús comú i lectura mecànica, i a transmetre-les a un altre responsable.</li>
<li><strong>Dret d’Oposició</strong>: És el dret de l’usuari a que no es dugui a terme el tractament de les seves dades de caràcter personal o que se’n cessi el tractament per part de SOLSAU SL.</li>
</ul>
<p><strong>Actuacions de SOLSAU SL</strong></p>
<p>SOLSAU SL realitzarà les actuacions següents:</p>
<ul>
<li>Accés a la informació pública del perfil.<br />
• Publicació al perfil de l’usuari de tota aquella informació ja publicada a la pàgina de SOLSAU SL.<br />
• Enviament de missatges personals i individuals a través dels canals de la Xarxa Social.<br />
• Actualitzacions de l’estat de la pàgina que es publicaran al perfil de l’usuari.</li>
</ul>
<p>L’usuari sempre pot controlar les seves connexions, eliminar els continguts que deixin d’interessar-li i restringir amb qui comparteix les seves connexions; per fer-ho, haurà d’accedir a la seva configuració de privacitat.</p>
<p><strong>Publicacions</strong></p>
<p>L’usuari, un cop unit a la pàgina de SOLSAU SL, podrà publicar-hi comentaris, enllaços, imatges o fotografies o qualsevol altre tipus de contingut multimèdia admès per la Xarxa Social. L’usuari, en tots els casos, ha de ser el titular d’aquests continguts, gaudir dels drets d’autor i de propietat intel·lectual o comptar amb el consentiment dels tercers afectats.</p>
<p>Es prohibeix expressament qualsevol publicació a la pàgina, ja siguin textos, gràfics, fotografies, vídeos, etc., que atemptin o puguin atemptar contra la moral, l’ètica, el bon gust o el decòrum, i/o que infringeixin, vulnerin o conculquin els drets de propietat intel·lectual o industrial, el dret a la imatge o la Llei. En aquests casos, SOLSAU SL es reserva el dret de retirar immediatament el contingut i pot sol·licitar el bloqueig permanent de l’usuari.</p>
<p>SOLSAU SL no es farà responsable dels continguts que hagi publicat lliurement un usuari.</p>
<p>L’usuari ha de tenir present que les seves publicacions seran conegudes per altres usuaris, per la qual cosa ell mateix és el principal responsable de la seva privacitat.</p>
<p>Les imatges que es puguin publicar a la pàgina no seran emmagatzemades en cap sistema de tractament per part de SOLSAU SL, però romandran a la Xarxa Social.</p>
<p><strong>Concursos i promocions</strong></p>
<p>SOLSAU SL es reserva el dret de realitzar concursos i promocions en què podrà participar l’usuari unit a la seva pàgina. Les bases de cadascun d’ells, quan s’utilitzi per a això la plataforma de la Xarxa Social, seran publicades a la mateixa, complint sempre amb la LSSI-CE i amb qualsevol altra norma que sigui aplicable.</p>
<p>La Xarxa Social no patrocina, avala ni administra, de cap manera, cap de les nostres promocions, ni està associada a cap d’elles.</p>
<p><strong>Publicitat</strong></p>
<p>SOLSAU SL utilitzarà la Xarxa Social per publicitar els seus productes i serveis. En tot cas, si decideix tractar les seves dades de contacte per realitzar accions directes de prospecció comercial, ho farà sempre complint amb les exigències legals de la normativa en matèria de protecció de dades i de la LSSI-CE.</p>
<p>No es considerarà publicitat el fet de recomanar a altres usuaris la pàgina de SOLSAU SL perquè també puguin gaudir de les promocions o estar informats de la seva activitat.</p>
<p>A continuació, detallem l’enllaç a la política de privacitat de la Xarxa Social:</p>
<p>Facebook: <a href="https://es-es.facebook.com/privacy/explanation">https://es-es.facebook.com/privacy/explanation</a></p>
<p>&nbsp;</p>

<p>POLÍTICA DE PRIVACITAT XARXES SOCIALS POLÍTICA DE PRIVACITAT XARXES SOCIALS https://allotjamentsruralsmollo.com/ D’acord amb el que estableix la normativa vigent i aplicable en matèria de protecció de dades de caràcter personal i la Llei 34/2002, d’11 de juliol, de Serveis de la Societat de la Informació i de Comerç Electrònic (LSSI-CE), SOLSAU SL informa els usuaris que  [&#8230;]</p>
